5 - -2)*-15. Calculate the greatest common factor of 3 and r.
3
Let g(z) = -1 + 20*z - 4 - 9*z. Let b be g(5). Calculate the highest common factor of 10 and b.
10
Let n = -4 + 8. Calculate the highest common divisor of n and 1.
1
Let n(t) be the first derivative of t**4/4 - 7*t**3/3 - 3*t**2 + 13*t - 5. Let v be n(9). What is the greatest common divisor of 11 and v?
11
Suppose -4*n + 0*n = -q - 22, 4*n - 16 = 0. Suppose -3*v + 14 = 4*v. Let m be 8/q*(-33)/v. Calculate the greatest common divisor of m and 154.
22
Let z(t) = t**2 - 7. Let u be z(-3). Suppose -4*o + u*o = -36. What is the highest common divisor of 6 and o?
6
Let g = 11 - 41. Let p = g - -53. Calculate the highest common divisor of 46 and p.
23
Let m(u) = u**3 - 7*u**2 - 7*u - 3. Let o be m(8). What is the greatest common factor of 5 and o?
5
Let j(f) = -f**3 - 5*f**2 - 4*f + 3. Let w be j(-4). Let l = 5 - w. Suppose -5*c + 14 = -4*c. What is the greatest common divisor of c and l?
2
Let c(d) = 2*d**3 - 4*d**2 + 6*d + 3. Let q be c(3). Calculate the highest common divisor of 39 and q.
39
Suppose i + 5 = 5*k + 1, i - 2*k = -1. Let o = 68 - 60. Calculate the highest common divisor of i and o.
1
Suppose -3*s + 30 = 2*s. Suppose -4*r + r = -21. Let f(p) = p - 1. Let q be f(r). Calculate the greatest common factor of q and s.
6
Let n be (-4 + -1)/(-1) - 0. Suppose -51 - n = -4*a. Let f be (-4)/(-9) + 2000/36. Calculate the highest common divisor of f and a.
14
Let z be ((-48)/(-30))/((-4)/(-30)). What is the highest common factor of z and 6?
6
Let g = 77 + -69. Suppose -2*x + 2*d + 66 = -5*x, 2*x + 52 = -4*d. Let s = x - -28. What is the highest common factor of s and g?
8
Let o(y) be the second derivative of y**3/2 - 3*y**2 - 4*y. Let g be o(8). What is the greatest common divisor of g and 12?
6
Let p = 38 - 20. Suppose -6*x + 19 = -17. What is the greatest common divisor of p and x?
6
Let u = 103 - 31. Let o(w) = -w + 18. Let m be o(0). What is the highest common divisor of u and m?
18
Suppose 4*b + 82 = 5*m + 12, -3*m - 5*b + 5 = 0. Let i = 27 - -53. Calculate the highest common divisor of m and i.
10
Suppose 3 = -5*u + 48. Let t(n) = -2*n**2 + 2*n + 6. Let h be t(-4). Let y = 115 + h. Calculate the greatest common divisor of u and y.
9
Let k(v) = -v**3 - v**2 + v + 4. Let g be k(0). Suppose 889 = g*y + 49. Calculate the greatest common factor of 21 and y.
21
Let z(q) = q - 3. Let p be z(6). Let f be p + 2*(-6)/4. Suppose 3*b - 3 = -18, -k + 3*b + 25 = f. What is the greatest common factor of k and 25?
5
Let z be 5/(-10)*(8 + -2). Let i be -3*(82/(-6) - z). What is the greatest common divisor of i and 64?
32
Let l(r) = r**3 + 13*r**2 + 11*r - 2. Suppose 0 = -6*c + 2*c - 48. Let v be l(c). What is the greatest common divisor of v and 20?
10
Let l = -87 - -97. What is the greatest common divisor of l and 190?
10
Suppose 2*l + 2*l - 26 = -3*k, -l - 5*k = 2. What is the greatest common factor of 88 and l?
8
Suppose -3*n + n - 26 = 0. Let p = -10 - n. Calculate the greatest common factor of 33 and p.
3
Suppose -5*f + 73 = 2*w, 3*f + 7*w - 3*w - 55 = 0. Let c be (-13)/(1/(0 + -3)). Calculate the highest common divisor of f and c.
13
Let z(v) = v**3 + 2*v**2 + 3*v - 3. Let m be z(2). Let g be (-1461)/(-7) - 6/(-21). Calculate the greatest common divisor of m and g.
19
Suppose -9 = -4*m + 3. Suppose 0 = 2*d - m*l - 8, -3*d + 0*d = -l - 5. Calculate the highest common divisor of d and 3.
1
Let r = 10 + 0. Suppose m - 16 + 6 = 0. What is the greatest common factor of r and m?
10
Suppose -w + 3*m - 11 - 6 = 0, -5*m = -2*w - 33. Let q = 26 + w. What is the highest common factor of q and 108?
12
Suppose 0 = -5*n + 4*o + 3 + 7, 3*o + 6 = 3*n. Let d(g) = -7*g**n + 2 + 7*g**2 - 3*g + g**3. Let i be d(2). What is the greatest common factor of 12 and i?
4
Let y be 12/4*16/3. Let n(m) = -97*m**2 + m. Let u be n(-1). Let a = u + 210. Calculate the highest common divisor of y and a.
16
Let h(x) be the third derivative of -x**6/120 - x**5/30 - x**4/12 - x**3/2 - 5*x**2. Let o be h(-3). Calculate the highest common factor of o and 36.
12
Let l(r) = -r**3 + 6*r**2 - 2*r - 7. Suppose -10 = 3*c - 5*c. Let k be l(c). Suppose d - 2 = k. Calculate the greatest common factor of 4 and d.
2
Suppose -2*f + 3*o = -103, -2*f + 183 = f + 5*o. Calculate the greatest common divisor of 7 and f.
7
Let g = -113 + 125. What is the highest common factor of 108 and g?
12
Let c be (-284)/(-5) + (-2)/(-10). What is the greatest common divisor of c and 38?
19
Let z = 32 - 23. Let h(i) = -5 + i**2 - 5 + i**2 - 8*i. Let t be h(z). Calculate the highest common factor of t and 10.
10
Suppose 2*l - 42 = -3*j + 4, -2*l = -3*j - 34. What is the greatest common divisor of 5 and l?
5
Let f = 708 - 483. What is the highest common divisor of 25 and f?
25
Let o(y) = y**2 + 11*y + 1. Let k be o(-12). Suppose -36 - 68 = -2*n. Calculate the greatest common divisor of n and k.
13
Let v be (4/10)/((-4)/(-20)). Let h be (-1)/2 - (-7)/v. Suppose 3*l - 7 - 12 = -2*t, 2*l - 12 = -t. Calculate the greatest common factor of t and h.
1
Let g be (-3 - (-28)/16)/(6/(-24)). Let x = 90 - 45. Calculate the greatest common factor of g and x.
5
Suppose -5*r = -47 + 2. Let f = r - -1. Let y be 702/10 + (-2)/f. Calculate the greatest common divisor of 10 and y.
10
Suppose -5*n - 50 = -20. Let o be n/(-9) + 31/3. What is the greatest common factor of o and 121?
11
Let u(j) = 217*j**2 - 1. Suppose 5*w = w - 4*m - 8, 0 = -3*w - 5*m - 12. Let z be u(w). What is the highest common factor of z and 24?
24
Let j be (-8)/20 - (-310)/25. Calculate the highest common divisor of 60 and j.
12
Let c = 61 + -13. Calculate the greatest common divisor of 60 and c.
12
Let w = -47 + 81. Let f = w - 15. Let p be (3/(-2))/(3/(-76)). What is the greatest common divisor of f and p?
19
Let l = 108 - 100. What is the greatest common divisor of 88 and l?
8
Let z(f) = -114*f + 3. Let l be z(-4). Suppose 2*k + 281 = -5*y, 3*k - 5*y + l = -0*y. Let g = -96 - k. Calculate the highest common factor of 13 and g.
13
Let r(j) be the second derivative of -j**3/2 + j**2/2 + 2*j. Let s = 2 - 4. Let h be r(s). What is the highest common factor of h and 49?
7
Suppose 3*s + 2*a - 171 = 3*a, s = -3*a + 47. Calculate the greatest common factor of 252 and s.
28
Let d = 120 + -105. Let k be 6/((-6)/8*-2). Suppose -3*u - 3*b + 24 = -6, -k*b + 20 = 0. Calculate the greatest common factor of d and u.
5
Let c be (60 + 12)*(-3)/(-4). Calculate the highest common divisor of c and 27.
27
Let g = 20 - 8. Let j(v) = -v - 1. Let q be j(-7). Let f be -70*q*(-2)/10. What is the highest common factor of f and g?
12
Let j = -18 - -12. Let p be (27/(-2))/(j/8). Calculate the greatest common divisor of p and 36.
18
Let w = -6 - -17. Let g(v) = -v**3 + 2*v**2 + 4*v. Let q be g(-3). Calculate the highest common divisor of w and q.
11
Suppose 4 = -11*a + 7*a. Let o be ((-327)/1)/(-3) - a. What is the highest common divisor of o and 22?
22
Let i = -398 - -407. Suppose -2*y + y + 5*r + 26 = 0, 2*y + 4*r + 18 = 0. What is the greatest common factor of i and y?
1
Suppose 177 = -3*u - 0*u. Let n be 0 - u - 9/3. What is the greatest common divisor of 8 and n?
8
Let n = -355 - -523. Calculate the greatest common factor of 21 and n.
21
Let l(r) = 7*r**3 + 4*r**2 - 4*r + 3. Let b be l(3). Calculate the highest common factor of b and 27.
27
Suppose 3*w - 60 = -2*w + 5*n, 4*w + n - 68 = 0. What is the greatest common factor of w and 2?
2
Let x(j) = j**2 + 5*j - 5. Let p be x(-8). Suppose p = 3*z - 17. Let l be (-620)/(-35) - (-4)/14. Calculate the highest common divisor of l and z.
6
Suppose -2*p - 10 = 3*p. Let x(y) = 10*y**2 + 3*y + 2. Let s be x(p). Let j be (s/(-10))/(1/(-15)). What is the highest common factor of j and 18?
18
Suppose -4 = 2*g, -3*c + c + 156 = 2*g. Suppose -56 = -3*i + 4*k, -5*i - 2*k + 5*k = -86. Calculate the highest common divisor of i and c.
16
Let q(v) = 2*v**3 + v**2 + v. Let m be q(2). Let i = 2 - -31. What is the highest common divisor of i and m?
11
Let r = 14 + -9. Suppose -x - 14 + 6 = 0. Let v(u) = u**3 + 9*u**2 + 9*u + 10. Let q be v(x). Calculate the greatest common factor of r and q.
1
Let t = 72 + -12. Calculate the greatest common divisor of 15 and t.
15
Let u(p) = -p + 2. Let l be u(12). L